126
Let i(w) = 59*w - 3946. Calculate i(66).
-52
Let z(q) = -2*q**3 + 103*q**2 - 40*q - 417. What is z(51)?
144
Let u(s) = -s**3 - 15*s**2 - 23*s - 14. What is u(-9)?
-293
Let t(i) = -i**2 - 34*i + 76. Determine t(-20).
356
Let h(g) = g**2 - 35*g + 299. Give h(14).
5
Let i(s) = 731*s + 21199. Determine i(-29).
0
Let k(n) = -99*n**2 - 690*n + 8. Determine k(-7).
-13
Let v(b) = -b**3 + 54*b**2 - 60*b + 27. Determine v(53).
-344
Let g(s) = 7*s**2 + s - 26. What is g(-2)?
0
Let a(z) = -2*z**2 + 144*z - 146. Calculate a(72).
-146
Let f(b) = -b**3 + 56*b**2 + 176*b + 79. Calculate f(59).
20
Let d(q) = -q**2 + 83*q - 754. Calculate d(59).
662
Let m(r) = r**3 + 50*r**2 + 75*r + 1287. What is m(-49)?
13
Let r(v) = 51*v + 4851. Determine r(-95).
6
Let u(n) = 92*n + 318. Calculate u(-4).
-50
Let k(d) = -77*d + 636. Give k(8).
20
Let l(c) = 24*c - 772. Give l(32).
-4
Let i(k) = 9*k - 267. Determine i(31).
12
Let l(n) = -n**3 + 71*n**2 - 125*n - 248. What is l(69)?
649
Let v(f) = -f**2 + 26*f - 179. Give v(14).
-11
Let m(c) = -c**3 + 10*c**2 + c - 17. Calculate m(9).
73
Let u(s) = -8*s**2 - 166*s - 18. Determine u(-21).
-60
Let x(u) = -27*u - 716. Give x(-8).
-500
Let w(g) = 11*g**2 - 2*g. What is w(-4)?
184
Let n(b) = -17*b**2 + 425*b + 51. Give n(25).
51
Let d(s) = -200*s - 1775. Determine d(-9).
25
Let k(n) = -50*n - 81. Determine k(-1).
-31
Let q(y) = y**3 - 15*y**2 + 38*y - 143. Give q(11).
-209
Let y(z) = -78*z + 1110. Determine y(14).
18
Let j(z) = -76*z - 115. Calculate j(-4).
189
Let j(b) = 150*b + 4949. Determine j(-33).
-1
Let q(w) = -149*w - 977. Give q(-6).
-83
Let r(m) = -1680*m + 23514. Determine r(14).
-6
Let u(w) = -2*w**2 + 83*w - 48. What is u(39)?
147
Let v(h) = h**3 - 7*h**2 - 15*h + 107. Give v(6).
-19
Let v(c) = -c**3 + 45*c**2 + 93*c + 173. Calculate v(47).
126
Let k(q) = q**3 - 10*q**2 + 3*q - 526. Determine k(0).
-526
Let z(g) = -3*g**3 + 34*g**2 - 22*g - 3. Calculate z(9).
366
Let k(n) = -3373*n - 10114. Give k(-3).
5
Let t(p) = -p**2 + 49*p + 41. Give t(50).
-9
Let m(l) = l**3 - 9*l**2 - 52*l + 1. Determine m(13).
1
Let i(q) = q**3 - 8*q**2 - 5*q - 40. Give i(9).
-4
Let d(v) = 2*v**3 + 26*v**2 - 59*v + 12. Give d(-15).
-3
Let d(m) = m**3 - 64*m**2 + 72*m - 579. Determine d(63).
-12
Let k(l) = 2*l**3 - 93*l**2 + 45*l + 67. Calculate k(46).
21
Let n(g) = -g**3 - 13*g**2 - 492*g + 2234. Calculate n(4).
-6
Let y(v) = -628*v - 15116. What is y(-24)?
-44
Let k(s) = -s**2 - 47*s - 6. Determine k(-47).
-6
Let x(l) = 157*l - 6794. Calculate x(44).
114
Let n(d) = -134*d + 130. Calculate n(1).
-4
Let t(m) = -405*m + 1623. What is t(4)?
3
Let n(l) = 399*l**2 + 2. Calculate n(1).
401
Let n(h) = -16*h - 66. Give n(11).
-242
Let d(x) = -4*x**3 + 7*x**2 - 6*x + 7. What is d(2)?
-9
Let p(r) = -960*r - 26895. Give p(-28).
-15
Let z(t) = 94*t + 20212. What is z(-215)?
2
Let b(r) = r**2 - 107*r + 1616. Calculate b(18).
14
Let z(n) = -n**3 + 8*n**2 + 17*n - 67. Determine z(10).
-97
Let r(a) = -6*a**3 + 12*a**2 + 29*a - 5. Calculate r(-3).
178
Let o(x) = -x**3 - 18*x**2 + 475*x - 927. What is o(13)?
9
Let g(b) = 194*b + 386. Give g(2).
774
Let f(q) = q**3 - 51*q**2 + 492*q - 53. Give f(38).
-129
Let o(r) = -r**3 + 13*r**2 + 31*r + 30. Give o(13).
433
Let d(x) = x**2 + 109*x - 1430. Give d(14).
292
Let g(a) = -a**2 + 265*a - 7459. Calculate g(32).
-3
Let b(r) = r**2 + 15*r - 4760. What is b(62)?
14
Let a(z) = -173*z - 9822. Give a(-57).
39
Let h(q) = 20*q**2 + 1659*q - 75. Calculate h(-83).
8
Let d(l) = -l**3 - 3*l**2 + 6*l - 15. What is d(-5)?
5
Let w(u) = 40*u**3 + 3*u**2 + 57*u + 58. What is w(-1)?
-36
Let t(z) = -z**2 - 185*z - 1752. Calculate t(-10).
-2
Let f(b) = -7584*b - 37922. Determine f(-5).
-2
Let z(i) = -11*i + 188. Calculate z(18).
-10
Let v(j) = -10*j - 760. Determine v(-76).
0
Let y(o) = -8*o**2 + 7*o + 21. Give y(-2).
-25
Let h(o) = 1091*o + 6541. Determine h(-6).
-5
Let o(y) = y**3 + 5*y**2 - 52*y - 17. Calculate o(-10).
3
Let f(j) = 21227*j - 127369. Determine f(6).
-7
Let r(q) = q**2 + 10*q + 28. What is r(-6)?
4
Let w(z) = -461*z + 29501. Give w(64).
-3
Let m(f) = -364*f - 1097. Determine m(-3).
-5
Let m(i) = 2*i**3 + 27*i**2 + 37. Give m(-12).
469
Let x(m) = 217*m - 2788. Calculate x(10).
-618
Let z(j) = j**3 + 62*j**2 + 4*j + 238. What is z(-62)?
-10
Let o(x) = -49*x**2 - 6*x + 8. What is o(1)?
-47
Let k(l) = 2*l**3 - 80*l**2 - 84*l + 86. Determine k(41).
4
Let f(q) = -7*q**2 - 474*q + 145. Determine f(-68).
9
Let f(b) = 13*b + 633. Calculate f(-53).
-56
Let v(x) = x**2 - 69*x + 748. Determine v(55).
-22
Let r(u) = u**3 + u**2 + 2*u + 2. Give r(3).
44
Let p(b) = -b**3 - 48*b**2 - 47*b - 33. Calculate p(-47).
-33
Let u(g) = -g**3 - 34*g**2 + 8*g - 2319. What is u(-36)?
-15
Let u(b) = -b**3 + 87*b**2 - 416*b + 514. Give u(82).
22
Let m(z) = z**3 - 5*z**2 + z + 1. Give m(3).
-14
Let h(j) = -j**2 - 68*j + 1662. Give h(19).
9
Let z(u) = u**3 + 21*u**2 - u - 432. Give z(-20).
-12
Let b(w) = -22*w**2 - 25*w + 71. What is b(4)?
-381
Let s(m) = 2*m**3 + 59*m**2 + 90*m - 16. Calculate s(-28).
-184
Let w(b) = 3*b**2 + 12*b - 107. Give w(4).
-11
Let b(w) = -169*w + 668. Calculate b(4).
-8
Let w(q) = 2*q**2 + 59*q + 348. Give w(-8).
4
Let l(n) = n**3 + 5*n**2 - 83*n - 169. Determine l(-11).
18
Let h(t) = -104*t + 944. Give h(9).
8
Let c(r) = 57*r - 212. What is c(8)?
244
Let y(n) = -10*n**3 + 139*n**2 + 13*n + 19. What is y(14)?
5
Let h(o) = o**3 + 11*o**2 - 67*o + 191. Give h(-16).
-17
Let p(c) = c**2 - 3*c - 22. Determine p(-3).
-4
Let i(s) = -s**3 + 18*s**2 + 2*s + 33. Calculate i(18).
69
Let c(a) = 2*a**2 - 70*a - 731. Give c(40).
-331
Let l(j) = j**3 + 8*j**2 - 149*j - 1184. Give l(-8).
8
Let l(i) = -9*i**2 - 52*i + 20. Give l(-6).
8
Let u(b) = -4*b**2 - 802*b + 1609. Determine u(2).
-11
Let c(m) = -m**3 + 14*m**2 + 11*m + 20. What is c(16)?
-316
Let y(m) = 786*m - 774. What is y(1)?
12
Let r(j) = j**3 - 29*j**2 + 111*j + 1258. Determine r(13).
-3
Let f(i) = -134*i - 865. Give f(-6).
-61
Let k(i) = -3*i**2 - 17*i - 31. Determine k(-2).
-9
Let j(y) = y**3 - 29*y**2 - 22*y - 222. Give j(30).
18
Let m(o) = -520*o - 1406. Calculate m(-3).
154
Let k(x) = -139*x + 1118. What is k(8)?
6
Let u(l) = -103*l + 1458. Determine u(13).
119
Let b(m) = 2*m**2 + 3*m + 69. Give b(-6).
123
Let w(k) = 5*k**3 + 488*k**2 - 190*k + 589. What is w(-98)?
1
Let b(d) = -2*d**3 - 27*d**2 + 29*d + 509. Calculate b(-13).
-37
Let s(t) = -t**3 - 53*t**2 - 109*t - 124. Determine s(-51).
233
Let d(q) = q**2 + 102*q + 498. Give d(-5).
13
Let l(g) = 2664*g - 7994. Calculate l(3).
-2
Let z(h) = -340*h - 261. What is z(-1)?
79
Let y(l) = 2*l**2 - 160*l + 3131. Determine y(46).
3
Let r(j) = 2*j**3 + 345*j**2 + 1183*j + 37. What is r(-169)?
37
Let v(l) = 86*l - 266. Calculate v(3).
-8
Let q(p) = 110*p + 447. Calculate q(-15).
-1203
Let x(p) = 2*p**3 + 8*p**2 - 40*p + 30. Calculate x(-7).
16
Let u(f) = -85*f - 458. Give u(-9).
307
Let k(t) = -2*t**2 - 68*t - 260. Give k(-4).
-20
Let j(s) = s**3 + 458*s**2 - 1416*s - 15205. What is j(-461)?
8
Let c(t) = 141*t + 996. What is c(-7)?
9
Let p(j) = -4*j**2 + 10*j. Give p(4).
-24
Let w(x) = -15*x - 293. Give w(-17).
-38
Let p(h) = h**3 - 10*h**2 - 33*h + 93. Calculate p(13).
171
Let i(h) = 7*h**3 + 272*h**2 - 36*h + 76. Give i(-39).
-41
Let p(s) = 2*s**3 - 19*s**2 + 5*s - 30. Determine p(10).
120
Let w(t) = -436*t + 3560. Give w(8).
72
Let z(g) = -7*g**2 + 11*g + 12. Give z(2).
6
Let d(y) = y**3 - 50*y**2 - 106*y + 45. Give d(52).
-59
Let b(u) = 55*u - 470. Give b(9).
25
Let j(a) = -3105*a - 12412. What is j(-4)?
8
Let d(z) = -127*z + 110. Calculate d(0).
110
Let b(n) = -3389*n + 20343. Give b(6).
9
Let u(f) = f**2 - 54*f - 3095. Give u(92).
401
Let p(v) = -v**3 - 31*v**2 + 41*v + 276. Give p(-32).
-12
Let j(t) = 4*t**2 + 115*t + 81. Give j(-28).
-3
Let u(x) = 26*x + 218. Determine u(-9).
-16
Let d(y) = -264*y + 1579. Give d(6).
-5
Let i(r) = 28*r - 218. What is i(8)?
6
Let f(n) = 66*n - 2099. Calculate f(32).
13
Let r(v) = 2*v + 234. Determine r(-35).
164
Let j(n) = -3*n**3 - 15*n**2 - n - 2. What is j(-6)?
112
Let q(r) = -56*r**3 - 1458*r**2 - 58*r - 153. Give q(-26).
3
Let n(a) = -a - 24. What is n(-6)?
-18
Let q(a) = 296*a + 4443. Determine q(-15).
3
Let b(c) = -40*c + 4206. Determine b(105).
6
Let u(h) = -3*h**2 + 57*h + 85